 number?
True
Is 89953 a composite number?
True
Is 42641 a prime number?
True
Is 4032463 prime?
True
Is 232643 a composite number?
False
Is 1186033 prime?
True
Is 16753 a prime number?
False
Is 744283 a prime number?
True
Is 687 prime?
False
Is 1439071 a composite number?
False
Is 100051 a prime number?
False
Is 1190807 a prime number?
True
Is 4057 composite?
False
Is 37267 a prime number?
False
Is 142601 a composite number?
False
Is 10739 a prime number?
True
Is 36535 a prime number?
False
Is 1331267 composite?
True
Is 222238 a prime number?
False
Is 6637 a prime number?
True
Is 29303 a prime number?
True
Is 23929 composite?
False
Is 10529 prime?
True
Is 53167 a composite number?
True
Is 13247 composite?
True
Is 898607 prime?
True
Is 33223 a composite number?
False
Is 11631 a prime number?
False
Is 5459797 a prime number?
False
Is 467611 a composite number?
False
Is 9235 a prime number?
False
Is 35729 prime?
True
Is 1185031 prime?
False
Is 116021 a prime number?
False
Is 1514131 a prime number?
True
Is 51089 a prime number?
False
Is 11777 a prime number?
True
Is 4285043 a composite number?
True
Is 15013 a composite number?
False
Is 534529 a composite number?
False
Is 1006789 composite?
True
Is 126649 composite?
True
Is 1640087 prime?
False
Is 1759 prime?
True
Is 4907 a composite number?
True
Is 63029 composite?
False
Is 64747 a prime number?
True
Is 4377 prime?
False
Is 54469 prime?
True
Is 13957 prime?
False
Is 42467 composite?
False
Is 540203 a prime number?
True
Is 524877 a prime number?
False
Is 28397 a prime number?
False
Is 66919 a prime number?
True
Is 3827 a prime number?
False
Is 3409 prime?
False
Is 26303 a composite number?
True
Is 189269 a prime number?
False
Is 48079 a composite number?
False
Is 33227 a composite number?
True
Is 2531 a composite number?
False
Is 10559 a prime number?
True
Is 26867 prime?
False
Is 11333 prime?
False
Is 3041527 a composite number?
True
Is 215531 composite?
False
Is 27791 composite?
False
Is 615047 a composite number?
False
Is 50111 a composite number?
False
Is 7637 a prime number?
False
Is 2333 a prime number?
True
Is 35691 a prime number?
False
Is 954827 a prime number?
True
Is 25087 a composite number?
False
Is 393649 prime?
True
Is 723 composite?
True
Is 319027 a composite number?
False
Is 414985 prime?
False
Is 401473 prime?
True
Is 14969 a composite number?
False
Is 379079 prime?
False
Is 379 prime?
True
Is 15049 a composite number?
True
Is 41087 a composite number?
True
Is 44417 a prime number?
True
Is 8509 prime?
False
Is 50171 composite?
True
Is 9803 a composite number?
False
Is 7143 a composite number?
True
Is 11897 a prime number?
True
Is 20941 prime?
False
Is 286519 composite?
False
Is 203039 prime?
True
Is 573623 a prime number?
False
Is 121043 a prime number?
False
Is 48179 prime?
True
Is 541927 a prime number?
True
Is 12449 a prime number?
False
Is 699323 composite?
False
Is 30035 a composite number?
True
Is 148585 a prime number?
False
Is 18787 a composite number?
False
Is 64507 composite?
True
Is 374779 composite?
True
Is 7142 a prime number?
False
Is 3511 a composite number?
False
Is 158203 a prime number?
False
Is 155885 a prime number?
False
Is 67519 prime?
False
Is 5989 prime?
False
Is 24239 a composite number?
False
Is 179503 composite?
True
Is 54507 composite?
True
Is 29009 prime?
True
Is 45769 a prime number?
False
Is 1636031 a prime number?
False
Is 1663343 a prime number?
False
Is 123911 composite?
False
Is 547441 a prime number?
True
Is 13537 a composite number?
False
Is 2321 composite?
True
Is 2939 a composite number?
False
Is 3259 a prime number?
True
Is 121649 a composite number?
True
Is 131743 a composite number?
False
Is 6947 prime?
True
Is 228341 composite?
False
Is 1559 a prime number?
True
Is 52034 a composite number?
True
Is 907 prime?
True
Is 378737 prime?
False
Is 155993 a prime number?
False
Is 1282 a composite number?
True
Is 5257 composite?
True
Is 536989 a prime number?
True
Is 205081 a prime number?
True
Is 2153 a composite number?
False
Is 87251 a prime number?
True
Is 68131 a prime number?
False
Is 5197 a prime number?
True
Is 468803 a composite number?
False
Is 3691 prime?
True
Is 21451 a prime number?
False
Is 398813 composite?
False
Is 4187 composite?
True
Is 94993 a composite number?
False
Is 44521 a composite number?
True
Is 96851 composite?
False
Is 37261 a prime number?
False
Is 44093 prime?
False
Is 12797 a composite number?
True
Is 361345 a composite number?
True
Is 4401107 composite?
False
Is 15727 a prime number?
True
Is 1244213 a prime number?
False
Is 25682 a prime number?
False
Is 1185959 prime?
False
Is 802765 a prime number?
False
Is 150473 a prime number?
True
Is 205831 prime?
False
Is 5448779 prime?
False
Is 85469 a composite number?
False
Is 1263461 prime?
True
Is 14107 prime?
True
Is 2965 prime?
False
Is 172541 composite?
False
Is 13987 a composite number?
True
Is 176081 a composite number?
False
Is 10261 prime?
False
Is 4597 a prime number?
True
Is 2761 composite?
True
Is 116309 a composite number?
True
Is 2903 prime?
True
Is 3898 prime?
False
Is 510319 prime?
True
Is 10183 composite?
True
Is 2853371 a prime number?
True
Is 834341 a prime number?
True
Is 1299835 a prime number?
False
Is 1905481 prime?
False
Is 30922 a prime number?
False
Is 332637 composite?
True
Is 31307 prime?
True
Is 93853 a composite number?
True
Is 14501 a prime number?
False
Is 294383 prime?
True
Is 5615 a composite number?
True
Is 865786 a prime number?
False
Is 8717 a composite number?
True
Is 879 a composite number?
True
Is 14207 a composite number?
False
Is 59833 a composite number?
False
Is 6029 prime?
True
Is 270007 a prime number?
False
Is 51223 a prime number?
False
Is 23461 a composite number?
True
Is 12091 a composite number?
True
Is 48851 a prime number?
False
Is 276121 a composite number?
True
Is 45481 a prime number?
True
Is 7981 prime?
False
Is 7283 prime?
True
Is 36103 composite?
True
Is 122773 composite?
True
Is 1684631 a composite number?
True
Is 401017 a prime number?
True
Is 44789 composite?
False
Is 6337 a prime number?
True
Is 74479 composite?
True
Is 2467 prime?
True
Is 1695961 composite?
False
Is 77593 a prime number?
False
Is 146141 a composite number?
False
Is 6157 a composite number?
True
Is 45874 composite?
True
Is 185017 a prime number?
False
Is 4637 a composite number?
False
Is 56081 composite?
False
Is 1467241 prime?
True
Is 682827 prime?
False
Is 1211 composite?
True
Is 147817 composite?
True
Is 52837 a prime number?
True
Is 16781 composite?
True
Is 51751 a composite number?
True
Is 44927 a composite number?
False
Is 1431779 a prime number?
True
Is 200591 prime?
True
Is 673 a composite number?
False
Is 979819 a prime number?
True
Is 43627 a prime number?
True
Is 18295 prime?
False
Is 39409 a composite number?
False
Is 55721 prime?
True
Is 10357 prime?
True
Is 180413 a composite number?
False
Is 596131 composite?
True
Is 3833 a prime number?
True
Is 3593 a composite number?
False
Is 134471 composite?
False
Is 184627 composite?
False
Is 8287 prime?
True
Is 171755 composite?
True
Is 39467 prime?
False
Is 2939 prime?
True
Is 45449 a composite number?
True
Is 21647 a composite number?
False
Is 65779 composite?
True
Is 12661 composite?
True
Is 14591 prime?
True
Is 28757 composite?
True
Is 11197 composite?
False
Is 14281 a composite number?
False
Is 7023 a prime number?
False
Is 42827 prime?
False
Is 622559 composite?
True
Is 34313 a prime number?
True
Is 295487 composite?
True
Is 53323 prime?
True
Is 210229 a prime number?
True
Is 2845279 a prime number?
True
Is 300289 prime?
False
Is 116837 a prime number?
False
Is 99483 a composite number?
True
Is 9599 a prime number?
False
Is 7207 a prime number?
True
Is 35605 a prime number?
False
Is 22259 composite?
False
Is 13403 a prime number?
False
Is 63521 composite?
False
Is 830638 prime?
False
Is 56873 a prime number?
True
Is 566983 a composite number?
True
Is 1372243 a prime number?
True
Is 99317 prime?
True
Is 40577 prime?
True
Is 6947 a prime number?
True
Is 180706 a prime number?
False
Is 19021 a prime number?
False
Is 11038 prime?
False
Is 370789 a composite number?
True
Is 416939 composite?
True
Is 9727 a composite number?
True
Is 182669 a prime number?
False
Is 20477 a composite n